{"id":797,"date":"2020-09-23T10:08:52","date_gmt":"2020-09-23T10:08:52","guid":{"rendered":"http:\/\/cms.backstage-bigband.de\/?page_id=797"},"modified":"2022-09-28T14:24:13","modified_gmt":"2022-09-28T14:24:13","slug":"impressum","status":"publish","type":"page","link":"https:\/\/www.backstage-bigband.de\/index.php\/impressum\/","title":{"rendered":"Impressum"},"content":{"rendered":"\n<h2>Impressum<\/h2>\n\n\n\n<p>Verantwortlich f\u00fcr Gestaltung und Inhalte dieser Homepage:<\/p>\n\n\n\n<p>Backstage Big Band Fulda e.V.<br>(Vereinsregister beim Amtsgericht Fulda: VR 1444)<br>c\/o Ute Kr\u00f6nung<br>Sigildisstr. 21<br>36167 N\u00fcsttal<\/p>\n\n\n\n<figure class=\"wp-block-image size-large is-resized\"><img decoding=\"async\" loading=\"lazy\" src=\"https:\/\/www.backstage-bigband.de\/wp-content\/uploads\/Email_Ute-1.jpg\" alt=\"\" class=\"wp-image-1789\" width=\"145\" height=\"38\"\/><\/figure>\n\n\n\n<p><br> <\/p>\n\n\n\n<p><\/p>\n\n\n\n<p style=\"font-size:12px\">Haftungsausschluss f\u00fcr externe Links:<br>Das Landgericht Hamburg hat mit dem Urteil vom 12. Mai 1998 entschieden, dass man durch die Anbringung eines Links die Inhalte der gelinkten Seite ggf. mit zu verantworten hat. Dies kann laut Urteil des LG nur dadurch verhindert werden, dass man sich ausdr\u00fccklich von diesen Inhalten distanziert. Auf den Seiten dieser Homepage befinden sich Links zu anderen Seiten im Internet. F\u00fcr alle diese Links gilt: Wir haben keinerlei Einfluss auf Gestaltung und Inhalte der gelinkten Seiten. Daher distanzieren wir uns hiermit ausdr\u00fccklich von allen Inhalten auf allen Seiten, zu denen die auf unserer Homepage angezeigten Links f\u00fchren.<\/p>\n","protected":false},"excerpt":{"rendered":"<p>Impressum Verantwortlich f\u00fcr Gestaltung und Inhalte dieser Homepage: Backstage Big Band Fulda e.V.(Vereinsregister beim Amtsgericht Fulda: VR 1444)c\/o Ute Kr\u00f6nungSigildisstr. 2136167 N\u00fcsttal Haftungsausschluss f\u00fcr externe Links:Das Landgericht Hamburg hat mit dem Urteil vom 12. Mai 1998 entschieden, dass man durch die Anbringung eines Links die Inhalte der gelinkten Seite ggf. [&hellip;]<\/p>\n","protected":false},"author":1,"featured_media":1211,"parent":0,"menu_order":0,"comment_status":"closed","ping_status":"closed","template":"","meta":[],"_links":{"self":[{"href":"https:\/\/www.backstage-bigband.de\/index.php\/wp-json\/wp\/v2\/pages\/797"}],"collection":[{"href":"https:\/\/www.backstage-bigband.de\/index.php\/wp-json\/wp\/v2\/pages"}],"about":[{"href":"https:\/\/www.backstage-bigband.de\/index.php\/wp-json\/wp\/v2\/types\/page"}],"author":[{"embeddable":true,"href":"https:\/\/www.backstage-bigband.de\/index.php\/wp-json\/wp\/v2\/users\/1"}],"replies":[{"embeddable":true,"href":"https:\/\/www.backstage-bigband.de\/index.php\/wp-json\/wp\/v2\/comments?post=797"}],"version-history":[{"count":35,"href":"https:\/\/www.backstage-bigband.de\/index.php\/wp-json\/wp\/v2\/pages\/797\/revisions"}],"predecessor-version":[{"id":1790,"href":"https:\/\/www.backstage-bigband.de\/index.php\/wp-json\/wp\/v2\/pages\/797\/revisions\/1790"}],"wp:featuredmedia":[{"embeddable":true,"href":"https:\/\/www.backstage-bigband.de\/index.php\/wp-json\/wp\/v2\/media\/1211"}],"wp:attachment":[{"href":"https:\/\/www.backstage-bigband.de\/index.php\/wp-json\/wp\/v2\/media?parent=797"}],"curies":[{"name":"wp","href":"https:\/\/api.w.org\/{rel}","templated":true}]}}