{"id":953,"date":"2020-09-30T09:37:39","date_gmt":"2020-09-30T09:37:39","guid":{"rendered":"http:\/\/cms.backstage-bigband.de\/?page_id=953"},"modified":"2022-09-29T17:54:45","modified_gmt":"2022-09-29T17:54:45","slug":"backstage-bigband","status":"publish","type":"page","link":"https:\/\/www.backstage-bigband.de\/index.php\/backstage-bigband\/","title":{"rendered":"Backstage Bigband"},"content":{"rendered":"\n<p>Die Backstage Bigband Fulda existiert seit Oktober 2001 und wurde auf Initiative von Andreas Niklasch gegr\u00fcndet. Geprobt wurde damals in der Musikkneipe \u201cBackstage\u201d. Der Band geh\u00f6ren zur Zeit 26 Musiker an, die eine klassische Big-Band-Formation bilden, bestehend aus Bl\u00e4sern, Rhythmusgruppe sowie unseren S\u00e4ngerinnen und S\u00e4ngern. F\u00fcr die musikalische Leitung ist Robert Klier verantwortlich.<\/p>\n\n\n\n<p>Bekannt sind wir durch zahlreiche Auftritte vor allem in der Region Fulda, darunter auch Konzerte, die wir gemeinsam mit Peter Herbolzeimers RC&amp;B und der HR Big Band bestritten haben.<\/p>\n","protected":false},"excerpt":{"rendered":"<p>Die Backstage Bigband Fulda existiert seit Oktober 2001 und wurde auf Initiative von Andreas Niklasch gegr\u00fcndet. Geprobt wurde damals in der Musikkneipe \u201cBackstage\u201d. Der Band geh\u00f6ren zur Zeit 26 Musiker an, die eine klassische Big-Band-Formation bilden, bestehend aus Bl\u00e4sern, Rhythmusgruppe sowie unseren S\u00e4ngerinnen und S\u00e4ngern. F\u00fcr die musikalische Leitung ist [&hellip;]<\/p>\n","protected":false},"author":1,"featured_media":0,"parent":0,"menu_order":0,"comment_status":"closed","ping_status":"closed","template":"","meta":[],"_links":{"self":[{"href":"https:\/\/www.backstage-bigband.de\/index.php\/wp-json\/wp\/v2\/pages\/953"}],"collection":[{"href":"https:\/\/www.backstage-bigband.de\/index.php\/wp-json\/wp\/v2\/pages"}],"about":[{"href":"https:\/\/www.backstage-bigband.de\/index.php\/wp-json\/wp\/v2\/types\/page"}],"author":[{"embeddable":true,"href":"https:\/\/www.backstage-bigband.de\/index.php\/wp-json\/wp\/v2\/users\/1"}],"replies":[{"embeddable":true,"href":"https:\/\/www.backstage-bigband.de\/index.php\/wp-json\/wp\/v2\/comments?post=953"}],"version-history":[{"count":11,"href":"https:\/\/www.backstage-bigband.de\/index.php\/wp-json\/wp\/v2\/pages\/953\/revisions"}],"predecessor-version":[{"id":3209,"href":"https:\/\/www.backstage-bigband.de\/index.php\/wp-json\/wp\/v2\/pages\/953\/revisions\/3209"}],"wp:attachment":[{"href":"https:\/\/www.backstage-bigband.de\/index.php\/wp-json\/wp\/v2\/media?parent=953"}],"curies":[{"name":"wp","href":"https:\/\/api.w.org\/{rel}","templated":true}]}}